{"id":431,"date":"2021-11-10T14:54:12","date_gmt":"2021-11-10T14:54:12","guid":{"rendered":"http:\/\/www.snytpv.cz\/?page_id=431"},"modified":"2026-05-08T14:51:00","modified_gmt":"2026-05-08T14:51:00","slug":"jidelni-listek","status":"publish","type":"page","link":"https:\/\/www.snytpv.cz\/?page_id=431","title":{"rendered":"J\u00eddeln\u00ed l\u00edstek"},"content":{"rendered":"\n<p class=\"has-text-align-center has-medium-font-size\"><strong>Pol\u00e9vk<\/strong>a<\/p>\n\n\n\n<p class=\"has-text-align-center\">Masov\u00fd v\u00fdvar se zeleninou, nudlemi a j\u00e1trov\u00fdm knedl\u00ed\u010dkem | 69,-<\/p>\n\n\n\n<p class=\"has-text-align-center\">Hr\u00e1\u0161kov\u00fd kr\u00e9m se s\u00fdrovou ty\u010dinkou | 76,-<\/p>\n\n\n\n<p><\/p>\n\n\n\n<p class=\"has-text-align-center has-medium-font-size\"><strong>Hlavn\u00ed j\u00eddla<\/strong><\/p>\n\n\n\n<p class=\"has-text-align-center\">Hov\u011bz\u00ed sv\u00ed\u010dkov\u00e1 na smetan\u011b, houskov\u00fd a karlovarsk\u00fd knedl\u00edk, brusinkov\u00fd ter\u010d | 259,-<\/p>\n\n\n\n<p class=\"has-text-align-center\">Hov\u011bz\u00ed l\u00ed\u010dka na \u010dern\u00e9m pivu, \u0161pecle, nakl\u00e1dan\u00e1 zelenina | 259,-<\/p>\n\n\n\n<p class=\"has-text-align-center\">\u0158\u00edze\u010dky z vep\u0159ov\u00e9 panenky v mandlov\u00e9 strouhance s bramborovou ka\u0161\u00ed | 259,-<\/p>\n\n\n\n<p class=\"has-text-align-center\">Trhan\u00fd kr\u00e1l\u00edk se \u0161peclemi a om\u00e1\u010dkou z hrubozrnn\u00e9 ho\u0159\u010dice a jarn\u00ed cibulkou | 249,-<\/p>\n\n\n\n<p class=\"has-text-align-center\">Sma\u017een\u00fd ku\u0159ec\u00ed \u0159\u00edzek obalen\u00fd v cornflakes s bramborovou ka\u0161\u00ed | 249,-<\/p>\n\n\n\n<p class=\"has-text-align-center\">Sma\u017een\u00e1 ku\u0159ec\u00ed kapsa pln\u011bn\u00e1 slaninou a cheddarem | 235,-<\/p>\n\n\n\n<p class=\"has-text-align-center\">Sma\u017een\u00fd s\u00fdr na p\u0159epu\u0161t\u011bn\u00e9m m\u00e1sle, na\u0161e tatarsk\u00e1 om\u00e1\u010dka | 189,-<\/p>\n\n\n\n<p class=\"has-text-align-center\">Pe\u010den\u00e1 vep\u0159ov\u00e1 \u017eebra v pivn\u00ed marin\u00e1d\u011b, zeleninov\u00e1 \u010dalam\u00e1da, ho\u0159\u010dice, chl\u00e9b | 295,-<\/p>\n\n\n\n<p class=\"has-text-align-center\">Pe\u010den\u00e1 ku\u0159ec\u00ed k\u0159\u00eddla v BBQ chipotle marin\u00e1d\u011b, sezam, jarn\u00ed cibulka, chl\u00e9b | 199,-<\/p>\n\n\n\n<p class=\"has-text-align-center\">Hov\u011bz\u00ed tatar\u00e1k s \u010dervenou cibul\u00ed, \u010desnekem a topinkami | 325,-<\/p>\n\n\n\n<p class=\"has-text-align-center\">Grilovan\u00fd filet z cand\u00e1ta se \u0161peclemi, smetanou a jarn\u00ed cibulkou | 295,-<\/p>\n\n\n\n<p class=\"has-text-align-center\"><\/p>\n\n\n\n<p class=\"has-text-align-center has-medium-font-size\"><strong>Sal\u00e1ty<\/strong><\/p>\n\n\n\n<p class=\"has-text-align-center\">Sal\u00e1t Caesar &#8211; trhan\u00fd \u0159\u00edmsk\u00fd sal\u00e1t, an\u010dovi\u010dkov\u00fd dressing, slanina, krutony, hoblinky gran moravia + 60,- ku\u0159ec\u00ed maso    | 169,-<\/p>\n\n\n\n<p class=\"has-text-align-center\">Krokety s trhan\u00fdm hov\u011bz\u00edm masem a chedarem na zeleninov\u00e9m sal\u00e1tku, limetov\u00fd dressing, bagetka | 229,-<\/p>\n\n\n\n<p class=\"has-text-align-center\">Grilovan\u00fd s\u00fdr Haloumi na zeleninov\u00e9m sal\u00e1tku s jogurtov\u00fdm dressingem s jarn\u00ed cibulkou, bagetka | 215,-<\/p>\n\n\n\n<p class=\"has-text-align-center\">Quesadilla s ku\u0159ec\u00edm masem, chedarem a pikantn\u00ed raj\u010datovou salsou a limetkov\u00fdm dressingem | 229,-<\/p>\n\n\n\n<p class=\"has-text-align-center\"><\/p>\n\n\n\n<p class=\"has-text-align-center has-medium-font-size\"><strong>Burgery<\/strong><\/p>\n\n\n\n<p class=\"has-text-align-center\"><strong>\u0160NYT<\/strong> &#8211; hov\u011bz\u00ed chuck roll, chedar, slanina, nakl\u00e1dan\u00e1 \u010derven\u00e1 cibule, okurek, raj\u010de, poln\u00ed\u010dek, ho\u0159\u010di\u010dn\u00e1 majon\u00e9za | 225,-<\/p>\n\n\n\n<p class=\"has-text-align-center\"><strong>JALAPENO &#8211; <\/strong>hov\u011bz\u00ed chuck roll, jalapeno papri\u010dka, chedar, raj\u010de, slanina, chipotle BBQ om\u00e1\u010dka, poln\u00ed\u010dek | 225,-<\/p>\n\n\n\n<p class=\"has-text-align-center\"><strong>CHEESEBURGER &#8211;<\/strong> hov\u011bz\u00ed chuck roll, dvojit\u00fd chedar, okurek, cibule, ho\u0159\u010dice, ke\u010dup | 225,-<\/p>\n\n\n\n<p class=\"has-text-align-center\"><strong>TRHANEC &#8211; <\/strong>trhan\u00e9 hov\u011bz\u00ed BBQ maso s chedarem, zeleninov\u00e1 \u010dalam\u00e1da, poln\u00ed\u010dek, aioli dressing | 215,-<\/p>\n\n\n\n<p class=\"has-text-align-center\"><strong>HALOUMI &#8211;<\/strong> grilovan\u00fd s\u00fdr Haloumi, pikantn\u00ed raj\u010datov\u00e1 salsa, aioli majon\u00e9za, poln\u00ed\u010dek | 215,-<\/p>\n\n\n\n<p class=\"has-text-align-center\"><\/p>\n\n\n\n<p class=\"has-text-align-center has-medium-font-size\"><strong>Grilovan\u00e9 steaky<\/strong><\/p>\n\n\n\n<p class=\"has-text-align-center\">Ku\u0159ec\u00ed Supreme marinovan\u00fd v bylink\u00e1ch | 199,-<\/p>\n\n\n\n<p class=\"has-text-align-center\">Vep\u0159ov\u00e1 panenka | 229,-<\/p>\n\n\n\n<p class=\"has-text-align-center\">Vep\u0159ov\u00e1 krkovi\u010dka v pivn\u00ed marin\u00e1d\u011b 245,-<\/p>\n\n\n\n<p class=\"has-text-align-center\">Hov\u011bz\u00ed flank steak marinovan\u00fd s feferonkami | 299,-<\/p>\n\n\n\n<p class=\"has-text-align-center\"><\/p>\n\n\n\n<p class=\"has-text-align-center\"><strong>Om\u00e1\u010dka ke steak\u016fm<\/strong><\/p>\n\n\n\n<p class=\"has-text-align-center\">Pep\u0159ov\u00e1<\/p>\n\n\n\n<p class=\"has-text-align-center\">Gorgonzolov\u00e1<\/p>\n\n\n\n<p class=\"has-text-align-center\">Jemn\u00e1 bylinkov\u00e1<\/p>\n\n\n\n<p class=\"has-text-align-center\">\u0160vestkov\u00e1 s brandy<\/p>\n\n\n\n<p class=\"has-text-align-center\"><\/p>\n\n\n\n<p class=\"has-text-align-center has-medium-font-size\"><strong>P\u0159ilohy<\/strong><\/p>\n\n\n\n<p class=\"has-text-align-center\">Va\u0159en\u00fd brambor | 45,-<\/p>\n\n\n\n<p class=\"has-text-align-center\">\u0160\u0165ouchan\u00fd brambor s cibulkou a slaninou | 50,-<\/p>\n\n\n\n<p class=\"has-text-align-center\">Hranolky julienne | 50,-<\/p>\n\n\n\n<p class=\"has-text-align-center\">Americk\u00fd brambor | 50,-<\/p>\n\n\n\n<p class=\"has-text-align-center\">Bramborov\u00e1 ka\u0161e | 55,-<\/p>\n\n\n\n<p class=\"has-text-align-center\">Grilovan\u00e1 zelenina | 87,-<\/p>\n\n\n\n<p class=\"has-text-align-center\"><\/p>\n\n\n\n<p class=\"has-text-align-center has-medium-font-size\"><strong>Chu\u0165ovky k pivu<\/strong><\/p>\n\n\n\n<p class=\"has-text-align-center\">Nakl\u00e1dan\u00fd hermel\u00edn, chl\u00e9b | 129,-<\/p>\n\n\n\n<p class=\"has-text-align-center\">Utopenec pln\u011bn\u00fd okurkem a zel\u00edm, feferonka, chl\u00e9b | 119,-<\/p>\n\n\n\n<p class=\"has-text-align-center\">\u0160kvarkov\u00e1 pomaz\u00e1nka, \u010derven\u00e1 cibule, okurek, chl\u00e9b | 125,-<\/p>\n\n\n\n<p class=\"has-text-align-center\">Bu\u0159ty na \u010dern\u00e9m pivu s cibul\u00ed a paprikou, chl\u00e9b | 145,-<\/p>\n\n\n\n<p class=\"has-text-align-center\">Tvar\u016f\u017ekov\u00fd tatar\u00e1k s topinkami a \u010dervenou cibul\u00ed | 145,-<\/p>\n\n\n\n<p class=\"has-text-align-center\">Tepl\u00e9 bramb\u016frky (solen\u00e9, \u010desnekov\u00e9) | 80,-<\/p>\n\n\n\n<p class=\"has-text-align-center\">Pra\u017een\u00e9 mandle | 87,-<\/p>\n\n\n\n<p class=\"has-text-align-center\"><strong>Alergeny na vy\u017e\u00e1d\u00e1n\u00ed u ubsluhy<\/strong><\/p>\n\n\n\n<p><\/p>\n\n\n\n<p><\/p>\n\n\n\n<p class=\"has-text-align-center has-medium-font-size\"><strong>Na \u010depu<\/strong><\/p>\n\n\n\n<p class=\"has-text-align-center\">Je\u017eek 11\u00b0, Bernard 12\u00b0, Lobkowicz \u010cern\u00fd, \u0158ezan\u00e9, Radler Alko\/Nealko, a pivn\u00ed speci\u00e1ly z minipivovar\u016f na rotuj\u00edc\u00ed p\u00edp\u011b.<\/p>\n","protected":false},"excerpt":{"rendered":"<p>Pol\u00e9vka Masov\u00fd v\u00fdvar se zeleninou, nudlemi a j\u00e1trov\u00fdm knedl\u00ed\u010dkem | 69,- Hr\u00e1\u0161kov\u00fd kr\u00e9m se s\u00fdrovou ty\u010dinkou | 76,- Hlavn\u00ed j\u00eddla Hov\u011bz\u00ed sv\u00ed\u010dkov\u00e1 na smetan\u011b, houskov\u00fd a karlovarsk\u00fd knedl\u00edk, brusinkov\u00fd ter\u010d | 259,- Hov\u011bz\u00ed l\u00ed\u010dka na \u010dern\u00e9m pivu, \u0161pecle, nakl\u00e1dan\u00e1 zelenina | 259,- \u0158\u00edze\u010dky z vep\u0159ov\u00e9 panenky v mandlov\u00e9 strouhance s bramborovou ka\u0161\u00ed | 259,- Trhan\u00fd<br \/><a class=\"moretag\" href=\"https:\/\/www.snytpv.cz\/?page_id=431\">+ Read More<\/a><\/p>\n","protected":false},"author":2,"featured_media":0,"parent":0,"menu_order":0,"comment_status":"closed","ping_status":"closed","template":"","meta":[],"_links":{"self":[{"href":"https:\/\/www.snytpv.cz\/index.php?rest_route=\/wp\/v2\/pages\/431"}],"collection":[{"href":"https:\/\/www.snytpv.cz\/index.php?rest_route=\/wp\/v2\/pages"}],"about":[{"href":"https:\/\/www.snytpv.cz\/index.php?rest_route=\/wp\/v2\/types\/page"}],"author":[{"embeddable":true,"href":"https:\/\/www.snytpv.cz\/index.php?rest_route=\/wp\/v2\/users\/2"}],"replies":[{"embeddable":true,"href":"https:\/\/www.snytpv.cz\/index.php?rest_route=%2Fwp%2Fv2%2Fcomments&post=431"}],"version-history":[{"count":12,"href":"https:\/\/www.snytpv.cz\/index.php?rest_route=\/wp\/v2\/pages\/431\/revisions"}],"predecessor-version":[{"id":478,"href":"https:\/\/www.snytpv.cz\/index.php?rest_route=\/wp\/v2\/pages\/431\/revisions\/478"}],"wp:attachment":[{"href":"https:\/\/www.snytpv.cz\/index.php?rest_route=%2Fwp%2Fv2%2Fmedia&parent=431"}],"curies":[{"name":"wp","href":"https:\/\/api.w.org\/{rel}","templated":true}]}}