{"id":395,"date":"2023-01-24T18:32:04","date_gmt":"2023-01-24T18:32:04","guid":{"rendered":"http:\/\/www.snytpv.cz\/?page_id=395"},"modified":"2023-01-24T18:36:56","modified_gmt":"2023-01-24T18:36:56","slug":"rezervace","status":"publish","type":"page","link":"https:\/\/www.snytpv.cz\/?page_id=395","title":{"rendered":"Rezervace"},"content":{"rendered":"\n<p class=\"has-text-align-center\">Va\u0161e rezervace volejte na tel.: 582 363 017, p\u0159\u00edpadn\u011b pi\u0161te na e-mail: rezervace@snytpv.cz<\/p>\n\n\n\n<p class=\"has-text-align-center\">Budeme se na V\u00e1s t\u011b\u0161it.<\/p>\n","protected":false},"excerpt":{"rendered":"<p>Va\u0161e rezervace volejte na tel.: 582 363 017, p\u0159\u00edpadn\u011b pi\u0161te na e-mail: rezervace@snytpv.cz Budeme se na V\u00e1s t\u011b\u0161it.<\/p>\n","protected":false},"author":2,"featured_media":0,"parent":0,"menu_order":0,"comment_status":"closed","ping_status":"closed","template":"","meta":[],"_links":{"self":[{"href":"https:\/\/www.snytpv.cz\/index.php?rest_route=\/wp\/v2\/pages\/395"}],"collection":[{"href":"https:\/\/www.snytpv.cz\/index.php?rest_route=\/wp\/v2\/pages"}],"about":[{"href":"https:\/\/www.snytpv.cz\/index.php?rest_route=\/wp\/v2\/types\/page"}],"author":[{"embeddable":true,"href":"https:\/\/www.snytpv.cz\/index.php?rest_route=\/wp\/v2\/users\/2"}],"replies":[{"embeddable":true,"href":"https:\/\/www.snytpv.cz\/index.php?rest_route=%2Fwp%2Fv2%2Fcomments&post=395"}],"version-history":[{"count":3,"href":"https:\/\/www.snytpv.cz\/index.php?rest_route=\/wp\/v2\/pages\/395\/revisions"}],"predecessor-version":[{"id":453,"href":"https:\/\/www.snytpv.cz\/index.php?rest_route=\/wp\/v2\/pages\/395\/revisions\/453"}],"wp:attachment":[{"href":"https:\/\/www.snytpv.cz\/index.php?rest_route=%2Fwp%2Fv2%2Fmedia&parent=395"}],"curies":[{"name":"wp","href":"https:\/\/api.w.org\/{rel}","templated":true}]}}